{"id":811,"date":"2022-08-12T14:32:00","date_gmt":"2022-08-12T12:32:00","guid":{"rendered":"https:\/\/fwbretzwil.ch\/?post_type=einsatz&#038;p=811"},"modified":"2022-08-12T19:34:53","modified_gmt":"2022-08-12T17:34:53","slug":"vu-strasse-oelspur-nach-unfall","status":"publish","type":"einsatz","link":"https:\/\/fwbretzwil.ch\/?einsatz=vu-strasse-oelspur-nach-unfall","title":{"rendered":"VU Strasse, \u00d6lspur nach Unfall"},"content":{"rendered":"\n<h1 class=\"wp-block-heading\">Selbstunfall: Lieferwagen kollidiert mit Baum \u2013 Lenkerin verletzt<\/h1>\n\n\n\n<p>12.08.2022<\/p>\n\n\n\n<p>Bretzwil BL: Am Freitagnachmittag, 12. August 2022, kurz vor 14.00 Uhr, ereignete sich in der Hauptstrasse in Bretzwil ein Selbstunfall, wobei die Lenkerin eines Lieferwagens von der Strasse abkam und frontal mit einem Baum kollidierte. Die Fahrzeuglenkerin wurde dabei verletzt.<\/p>\n\n\n\n<p>Gem\u00e4ss den bisherigen Erkenntnissen der Polizei Basel-Landschaft fuhr die 56-j\u00e4hrige Lenkerin mit ihrem Lieferwagen (Pickup mit offener Ladefl\u00e4che und hydraulischem Hebekran) aus Richtung Seewen kommend in der Hauptstrasse Richtung Bretzwil. In einer leichten Linkskurve, kurz nach der Kl\u00e4ranlage, geriet das Fahrzeug \u00fcber den rechten Fahrbahnrand hinaus und kollidierte folglich frontal mit einem Baum. Nach dem Aufprall wurde der Pickup zur\u00fcckgeschleudert, drehte sich um 180 Grad und kam schlussendlich, mit Front Richtung Seewen, auf der Hauptstrasse zum Stillstand.&nbsp;<\/p>\n\n\n\n<p>Die verunfallte Fahrzeuglenkerin wurde bei der Kollision verletzt und wurde nach der Erstbetreuung vor Ort durch den Sanit\u00e4tsdienst in ein Spital gebracht. &nbsp;&nbsp;<\/p>\n\n\n\n<p>Auslaufendes Hydraulik\u00f6l konnte durch die Feuerwehr gebunden, fachgerecht aufgenommen und entsorgt werden.&nbsp;<\/p>\n\n\n\n<p>Das massiv besch\u00e4digte Fahrzeug musste durch einen Abschleppdienst geborgen und abtransportiert werden.&nbsp;<\/p>\n\n\n\n<p>W\u00e4hrend den Bergungsarbeiten kam es auf der Hauptstrasse zu kurzzeitigen Verkehrsbehinderungen. \u00a0\u00a0<\/p>\n\n\n\n<p>Text und Bilder: <a href=\"https:\/\/www.baselland.ch\/politik-und-behorden\/direktionen\/sicherheitsdirektion\/polizei\/polizeimeldungen\/selbstunfall-lieferwagen-kollidiert-mit-baum-lenkerin-verletzt\" data-type=\"URL\" data-id=\"https:\/\/www.baselland.ch\/politik-und-behorden\/direktionen\/sicherheitsdirektion\/polizei\/polizeimeldungen\/selbstunfall-lieferwagen-kollidiert-mit-baum-lenkerin-verletzt\" target=\"_blank\" rel=\"noreferrer noopener\">Medienmitteilung Polizei BL<\/a><\/p>\n\n\n\n<figure class=\"wp-block-gallery has-nested-images columns-default is-cropped wp-block-gallery-1 is-layout-flex wp-block-gallery-is-layout-flex\">\n<figure class=\"wp-block-image size-large\"><img loading=\"lazy\" decoding=\"async\" width=\"1024\" height=\"768\" data-id=\"813\" src=\"https:\/\/fwbretzwil.ch\/wp-content\/uploads\/2022\/08\/20220812_Bretzwil_VUStrasse-2-1024x768.jpeg\" alt=\"\" class=\"wp-image-813\" srcset=\"https:\/\/fwbretzwil.ch\/wp-content\/uploads\/2022\/08\/20220812_Bretzwil_VUStrasse-2-1024x768.jpeg 1024w, https:\/\/fwbretzwil.ch\/wp-content\/uploads\/2022\/08\/20220812_Bretzwil_VUStrasse-2-300x225.jpeg 300w, https:\/\/fwbretzwil.ch\/wp-content\/uploads\/2022\/08\/20220812_Bretzwil_VUStrasse-2-768x576.jpeg 768w, https:\/\/fwbretzwil.ch\/wp-content\/uploads\/2022\/08\/20220812_Bretzwil_VUStrasse-2-1536x1152.jpeg 1536w, https:\/\/fwbretzwil.ch\/wp-content\/uploads\/2022\/08\/20220812_Bretzwil_VUStrasse-2.jpeg 1800w\" sizes=\"auto, (max-width: 1024px) 100vw, 1024px\" \/><\/figure>\n\n\n\n<figure class=\"wp-block-image size-large\"><img loading=\"lazy\" decoding=\"async\" width=\"1024\" height=\"768\" data-id=\"812\" src=\"https:\/\/fwbretzwil.ch\/wp-content\/uploads\/2022\/08\/20220812_Bretzwil_VUStrasse-1-1024x768.jpeg\" alt=\"\" class=\"wp-image-812\" srcset=\"https:\/\/fwbretzwil.ch\/wp-content\/uploads\/2022\/08\/20220812_Bretzwil_VUStrasse-1-1024x768.jpeg 1024w, https:\/\/fwbretzwil.ch\/wp-content\/uploads\/2022\/08\/20220812_Bretzwil_VUStrasse-1-300x225.jpeg 300w, https:\/\/fwbretzwil.ch\/wp-content\/uploads\/2022\/08\/20220812_Bretzwil_VUStrasse-1-768x576.jpeg 768w, https:\/\/fwbretzwil.ch\/wp-content\/uploads\/2022\/08\/20220812_Bretzwil_VUStrasse-1-1536x1152.jpeg 1536w, https:\/\/fwbretzwil.ch\/wp-content\/uploads\/2022\/08\/20220812_Bretzwil_VUStrasse-1.jpeg 1800w\" sizes=\"auto, (max-width: 1024px) 100vw, 1024px\" \/><\/figure>\n<\/figure>\n\n\n\n<p><\/p>\n","protected":false},"author":1,"featured_media":812,"template":"","meta":{"einsatz_weight":1,"footnotes":""},"categories":[2],"tags":[],"einsatzart":[35],"fahrzeug":[8],"exteinsatzmittel":[14,58],"alarmierungsart":[10],"evw_unit":[51],"class_list":["post-811","einsatz","type-einsatz","status-publish","has-post-thumbnail","hentry","category-einsatzberichte","einsatzart-oel","fahrzeug-pio","exteinsatzmittel-polizei-bl","exteinsatzmittel-rettungsdienst-ksbl-liestal","alarmierungsart-pager","evw_unit-tagespikett"],"jetpack_sharing_enabled":true,"_links":{"self":[{"href":"https:\/\/fwbretzwil.ch\/index.php?rest_route=\/wp\/v2\/einsatz\/811","targetHints":{"allow":["GET"]}}],"collection":[{"href":"https:\/\/fwbretzwil.ch\/index.php?rest_route=\/wp\/v2\/einsatz"}],"about":[{"href":"https:\/\/fwbretzwil.ch\/index.php?rest_route=\/wp\/v2\/types\/einsatz"}],"author":[{"embeddable":true,"href":"https:\/\/fwbretzwil.ch\/index.php?rest_route=\/wp\/v2\/users\/1"}],"version-history":[{"count":2,"href":"https:\/\/fwbretzwil.ch\/index.php?rest_route=\/wp\/v2\/einsatz\/811\/revisions"}],"predecessor-version":[{"id":815,"href":"https:\/\/fwbretzwil.ch\/index.php?rest_route=\/wp\/v2\/einsatz\/811\/revisions\/815"}],"wp:featuredmedia":[{"embeddable":true,"href":"https:\/\/fwbretzwil.ch\/index.php?rest_route=\/wp\/v2\/media\/812"}],"wp:attachment":[{"href":"https:\/\/fwbretzwil.ch\/index.php?rest_route=%2Fwp%2Fv2%2Fmedia&parent=811"}],"wp:term":[{"taxonomy":"category","embeddable":true,"href":"https:\/\/fwbretzwil.ch\/index.php?rest_route=%2Fwp%2Fv2%2Fcategories&post=811"},{"taxonomy":"post_tag","embeddable":true,"href":"https:\/\/fwbretzwil.ch\/index.php?rest_route=%2Fwp%2Fv2%2Ftags&post=811"},{"taxonomy":"einsatzart","embeddable":true,"href":"https:\/\/fwbretzwil.ch\/index.php?rest_route=%2Fwp%2Fv2%2Feinsatzart&post=811"},{"taxonomy":"fahrzeug","embeddable":true,"href":"https:\/\/fwbretzwil.ch\/index.php?rest_route=%2Fwp%2Fv2%2Ffahrzeug&post=811"},{"taxonomy":"exteinsatzmittel","embeddable":true,"href":"https:\/\/fwbretzwil.ch\/index.php?rest_route=%2Fwp%2Fv2%2Fexteinsatzmittel&post=811"},{"taxonomy":"alarmierungsart","embeddable":true,"href":"https:\/\/fwbretzwil.ch\/index.php?rest_route=%2Fwp%2Fv2%2Falarmierungsart&post=811"},{"taxonomy":"evw_unit","embeddable":true,"href":"https:\/\/fwbretzwil.ch\/index.php?rest_route=%2Fwp%2Fv2%2Fevw_unit&post=811"}],"curies":[{"name":"wp","href":"https:\/\/api.w.org\/{rel}","templated":true}]}}

VU Strasse, Ölspur nach Unfall

<h1 class="wp-block-heading">Selbstunfall: Lieferwagen kollidiert mit Baum – Lenkerin verletzt</h1>



<p>12.08.2022</p>



<p>Bretzwil BL: Am Freitagnachmittag, 12. August 2022, kurz vor 14.00 Uhr, ereignete sich in der Hauptstrasse in Bretzwil ein Selbstunfall, wobei die Lenkerin eines Lieferwagens von der Strasse abkam und frontal mit einem Baum kollidierte. Die Fahrzeuglenkerin wurde dabei verletzt.</p>



<p>Gemäss den bisherigen Erkenntnissen der Polizei Basel-Landschaft fuhr die 56-jährige Lenkerin mit ihrem Lieferwagen (Pickup mit offener Ladefläche und hydraulischem Hebekran) aus Richtung Seewen kommend in der Hauptstrasse Richtung Bretzwil. In einer leichten Linkskurve, kurz nach der Kläranlage, geriet das Fahrzeug über den rechten Fahrbahnrand hinaus und kollidierte folglich frontal mit einem Baum. Nach dem Aufprall wurde der Pickup zurückgeschleudert, drehte sich um 180 Grad und kam schlussendlich, mit Front Richtung Seewen, auf der Hauptstrasse zum Stillstand.&nbsp;</p>



<p>Die verunfallte Fahrzeuglenkerin wurde bei der Kollision verletzt und wurde nach der Erstbetreuung vor Ort durch den Sanitätsdienst in ein Spital gebracht. &nbsp;&nbsp;</p>



<p>Auslaufendes Hydrauliköl konnte durch die Feuerwehr gebunden, fachgerecht aufgenommen und entsorgt werden.&nbsp;</p>



<p>Das massiv beschädigte Fahrzeug musste durch einen Abschleppdienst geborgen und abtransportiert werden.&nbsp;</p>



<p>Während den Bergungsarbeiten kam es auf der Hauptstrasse zu kurzzeitigen Verkehrsbehinderungen.   </p>



<p>Text und Bilder: <a href="https://www.baselland.ch/politik-und-behorden/direktionen/sicherheitsdirektion/polizei/polizeimeldungen/selbstunfall-lieferwagen-kollidiert-mit-baum-lenkerin-verletzt" data-type="URL" data-id="https://www.baselland.ch/politik-und-behorden/direktionen/sicherheitsdirektion/polizei/polizeimeldungen/selbstunfall-lieferwagen-kollidiert-mit-baum-lenkerin-verletzt" target="_blank" rel="noreferrer noopener">Medienmitteilung Polizei BL</a></p>



<figure class="wp-block-gallery has-nested-images columns-default is-cropped wp-block-gallery-1 is-layout-flex wp-block-gallery-is-layout-flex">
<figure class="wp-block-image size-large"><img loading="lazy" decoding="async" width="1024" height="768" data-id="813" src="https://fwbretzwil.ch/wp-content/uploads/2022/08/20220812_Bretzwil_VUStrasse-2-1024x768.jpeg" alt="" class="wp-image-813" srcset="https://fwbretzwil.ch/wp-content/uploads/2022/08/20220812_Bretzwil_VUStrasse-2-1024x768.jpeg 1024w, https://fwbretzwil.ch/wp-content/uploads/2022/08/20220812_Bretzwil_VUStrasse-2-300x225.jpeg 300w, https://fwbretzwil.ch/wp-content/uploads/2022/08/20220812_Bretzwil_VUStrasse-2-768x576.jpeg 768w, https://fwbretzwil.ch/wp-content/uploads/2022/08/20220812_Bretzwil_VUStrasse-2-1536x1152.jpeg 1536w, https://fwbretzwil.ch/wp-content/uploads/2022/08/20220812_Bretzwil_VUStrasse-2.jpeg 1800w" sizes="auto, (max-width: 1024px) 100vw, 1024px" /></figure>



<figure class="wp-block-image size-large"><img loading="lazy" decoding="async" width="1024" height="768" data-id="812" src="https://fwbretzwil.ch/wp-content/uploads/2022/08/20220812_Bretzwil_VUStrasse-1-1024x768.jpeg" alt="" class="wp-image-812" srcset="https://fwbretzwil.ch/wp-content/uploads/2022/08/20220812_Bretzwil_VUStrasse-1-1024x768.jpeg 1024w, https://fwbretzwil.ch/wp-content/uploads/2022/08/20220812_Bretzwil_VUStrasse-1-300x225.jpeg 300w, https://fwbretzwil.ch/wp-content/uploads/2022/08/20220812_Bretzwil_VUStrasse-1-768x576.jpeg 768w, https://fwbretzwil.ch/wp-content/uploads/2022/08/20220812_Bretzwil_VUStrasse-1-1536x1152.jpeg 1536w, https://fwbretzwil.ch/wp-content/uploads/2022/08/20220812_Bretzwil_VUStrasse-1.jpeg 1800w" sizes="auto, (max-width: 1024px) 100vw, 1024px" /></figure>
</figure>



<p></p>
